at is the greatest common divisor of 30 and 450?
30
What is the greatest common factor of 1012 and 88?
44
What is the highest common factor of 1728 and 108?
108
Calculate the greatest common factor of 12 and 588.
12
What is the highest common divisor of 913 and 33?
11
Calculate the greatest common divisor of 275 and 11.
11
What is the greatest common factor of 8 and 24?
8
Calculate the highest common factor of 8235 and 10.
5
Calculate the highest common factor of 113948 and 244.
244
What is the highest common factor of 58 and 3886?
58
What is the highest common divisor of 123 and 82?
41
What is the highest common factor of 25620 and 120?
60
What is the highest common divisor of 266 and 28?
14
Calculate the highest common factor of 56 and 944.
8
Calculate the greatest common divisor of 11 and 473.
11
Calculate the highest common factor of 13 and 32305.
13
Calculate the highest common factor of 229 and 12137.
229
Calculate the greatest common divisor of 708 and 48.
12
What is the greatest common divisor of 160 and 4720?
80
Calculate the highest common divisor of 99 and 165.
33
What is the highest common factor of 5084 and 164?
164
Calculate the greatest common divisor of 290 and 10.
10
What is the greatest common factor of 93 and 31?
31
Calculate the greatest common divisor of 1158 and 78.
6
Calculate the highest common divisor of 5542 and 34.
34
What is the highest common factor of 102 and 174?
6
Calculate the greatest common factor of 280 and 266.
14
Calculate the greatest common factor of 20886 and 354.
354
Calculate the highest common divisor of 2414 and 34.
34
Calculate the highest common divisor of 238 and 102.
34
Calculate the greatest common factor of 25 and 125.
25
What is the highest common divisor of 155 and 93?
31
What is the highest common divisor of 9307 and 41?
41
Calculate the highest common divisor of 84 and 72.
12
Calculate the highest common factor of 1486 and 18.
2
Calculate the highest common divisor of 465 and 90.
15
Calculate the highest common divisor of 216 and 568.
8
What is the greatest common factor of 58 and 34742?
58
What is the highest common divisor of 6016 and 128?
128
What is the greatest common factor of 3504 and 16?
16
What is the highest common factor of 4 and 1420?
4
Calculate the highest common divisor of 162 and 2.
2
What is the greatest common factor of 9869 and 139?
139
Calculate the greatest common factor of 360 and 200.
40
What is the greatest common factor of 24 and 320?
8
Calculate the highest common divisor of 61 and 61.
61
Calculate the greatest common divisor of 973 and 56.
7
What is the highest common divisor of 510 and 34?
34
What is the greatest common divisor of 224 and 256?
32
What is the greatest common divisor of 84 and 156?
12
What is the greatest common divisor of 11049 and 87?
87
What is the highest common divisor of 2163 and 77?
7
What is the highest common divisor of 45 and 2385?
45
What is the highest common divisor of 309 and 3?
3
Calculate the greatest common factor of 5928 and 1216.
152
Calculate the greatest common divisor of 208 and 16.
16
Calculate the greatest common factor of 69 and 27.
3
Calculate the highest common divisor of 12 and 138.
6
Calculate the highest common factor of 187 and 6798.
11
Calculate the greatest common factor of 9 and 1197.
9
Calculate the highest common factor of 17563 and 91.
91
What is the greatest common divisor of 152 and 7372?
76
Calculate the highest common factor of 140 and 510.
10
Calculate the greatest common factor of 474 and 2686.
158
What is the highest common divisor of 265 and 371?
53
Calculate the highest common factor of 1525 and 35.
5
Calculate the greatest common factor of 14 and 22.
2
What is the greatest common factor of 272 and 272?
272
What is the greatest common divisor of 14 and 104678?
14
Calculate the greatest common divisor of 18 and 558.
18
What is the greatest common divisor of 64 and 176?
16
What is the highest common factor of 3348 and 24?
12
Calculate the greatest common divisor of 198 and 44.
22
What is the greatest common factor of 1080 and 195?
15
What is the greatest common factor of 20504 and 11?
11
Calculate the greatest common divisor of 4280 and 30.
10
Calculate the highest common divisor of 72 and 63.
9
What is the highest common factor of 46 and 1863?
23
Calculate the greatest common factor of 112 and 518.
14
Calculate the greatest common divisor of 12 and 204.
12
Calculate the greatest common factor of 27 and 207.
9
What is the greatest common factor of 5440 and 1190?
170
Calculate the greatest common divisor of 231 and 1113.
21
What is the greatest common divisor of 1281 and 915?
183
What is the highest common factor of 6 and 1986?
6
Calculate the greatest common factor of 8938 and 436.
218
What is the greatest common factor of 730 and 110?
10
Calculate the highest common factor of 22 and 12804.
22
What is the highest common divisor of 155 and 115?
5
Calculate the highest common factor of 423 and 9.
9
Calculate the greatest common factor of 1290 and 30.
30
Calculate the highest common divisor of 316 and 237.
79
Calculate the greatest common divisor of 10 and 22390.
10
What is the greatest common factor of 152 and 266?
38
Calculate the greatest common divisor of 4625 and 2250.
125
Calculate the greatest common factor of 40 and 1640.
40
Calculate the highest common divisor of 5710 and 30.
10
Calculate the greatest common divisor of 27 and 3699.
27
Calculate the greatest common factor of 104 and 18044.
52
What is the highest common factor of 5138 and 14?
14
What is the greatest common factor of 378 and 42?
42
Calculate the highest common divisor of 1186 and 16.
2
Calculate the highest common factor of 944 and 413.
59
What is the highest common divisor of 12 and 6?
6
What is the highest common factor of 850 and 1360?
170
Calculate the highest common divisor of 405 and 15.
15
What is the greatest common divisor of 99 and 2871?
99
What is the highest common divisor of 30 and 4710?
30
What is the highest common factor of 155 and 93?
31
What is the highest common divisor of 672 and 21?
21
Calculate the highest common divisor of 4592 and 32.
16
What is the greatest common divisor of 54 and 2043?
9
What is the highest common divisor of 60 and 2180?
20
What is the highest common divisor of 8 and 648?
8
What is the highest common factor of 110 and 198?
22
Calculate the highest common factor of 747 and 90.
9
Calculate the highest common factor of 478 and 8.
2
What is the greatest common divisor of 152 and 120?
8
What is the greatest common factor of 8 and 92?
4
Calculate the greatest common divisor of 72 and 48.
24
Calculate the greatest common factor of 296 and 518.
74
What is the highest common divisor of 35 and 42?
7
Calculate the highest common divisor of 19 and 19.
19
What is the greatest common factor of 69 and 4071?
69
Calculate the highest common factor of 150 and 250.
50
What is the greatest common factor of 37 and 3552?
37
Calculate the greatest common divisor of 582 and 3104.
194
What is the highest common factor of 78 and 2041?
13
Calculate the highest common factor of 20 and 2960.
20
What is the greatest common factor of 236 and 4?
4
What is the highest common divisor of 6369 and 99?
33
Calculate the greatest common factor of 61016 and 232.
232
What is the greatest common divisor of 1817 and 632?
79
What is the greatest common factor of 5850 and 420?
30
Calculate the greatest common factor of 58 and 30769.
29
What is the greatest common factor of 1892 and 43?
43
What is the greatest common factor of 1323 and 54?
27
What is the greatest common factor of 16 and 37?
1
What is the highest common divisor of 34 and 901?
17
What is the greatest common divisor of 11 and 319?
11
What is the greatest common divisor of 36 and 2196?
36
What is the greatest common divisor of 93 and 744?
93
What is the highest common factor of 3384 and 32?
8
What is the highest common divisor of 5 and 140?
5
Calculate the highest common factor of 12 and 2106.
6
What is the greatest common factor of 58 and 1334?
58
Calculate the greatest common factor of 87 and 3.
3
Calculate the greatest common factor of 50 and 5575.
25
What is the highest common divisor of 675 and 18?
9
What is the greatest common factor of 119 and 7?
7
Calculate the